.
1
Suppose -4*m + 74 = 2*g, 2*m = -g - 4*g + 217. Suppose -5 = -4*q + 2*j + 15, -3*q + 3*j = -15. Calculate the greatest common divisor of q and g.
5
Let d(o) = 4*o + 11. Let g be d(11). Let w = 95 - g. Suppose 0 = -n + 1 + 9. What is the greatest common factor of n and w?
10
Suppose -300 = -3*o - 66. Calculate the greatest common factor of 26 and o.
26
Suppose -5*b = 2*y - 430, y + 888 = 5*y - 4*b. Suppose -5*k = z - 98, -50 = -5*k + 2*k - 5*z. Calculate the highest common factor of k and y.
20
Suppose 1 = d - 2. What is the highest common divisor of 6 and d?
3
Let d = 1 + 23. Calculate the greatest common factor of 12 and d.
12
Let j be (-27)/(-3)*1/3. Suppose 0 = -3*o + 5*a + 14 - 1, 0 = -5*o + j*a + 27. Calculate the greatest common divisor of 42 and o.
6
Suppose 10 = 4*y - 3*y. Suppose -5*p = -5*f + 95, -3*f - 2*p = f - 52. Calculate the greatest common factor of y and f.
5
Let n(g) = g**3 + 5*g**2 + 2*g + 4. Let p(o) = -2*o + 8. Let w be p(6). Let q be n(w). Let j = -2 + q. Calculate the greatest common factor of 10 and j.
10
Suppose 5*i + 36 = 4*c - 19, -2*c + 35 = -i. Calculate the greatest common divisor of 20 and c.
20
Suppose -5*a + 5*m = -3*a - 29, -4*a - 3*m = -19. Suppose -v = -5*v - 8. Let r = a + v. What is the greatest common factor of r and 2?
1
Let o(a) = 3*a - 21. Let j(b) = -b + 10. Let x(s) = -5*j(s) - 2*o(s). Let h be x(-8). Suppose 4 + h = 2*k. Calculate the highest common divisor of 18 and k.
2
Let v(b) = 7*b - 11. Let i be v(8). Suppose 10 = t - 2*f, -3*t + 21 + 3 = -4*f. Suppose -46 = -t*z + 74. What is the greatest common divisor of i and z?
15
Suppose 3*m + 4*b - 295 = 0, -5*m + b = -4*b - 550. What is the greatest common factor of 42 and m?
21
Suppose -4*q + 3 = -9. Suppose -q*f + 14 = -31. Suppose 5*d = f - 0. Calculate the greatest common divisor of d and 15.
3
Let i be (3 - 2) + -27 - 0. Let p = i + 38. Suppose 4*d = 4*b + 84, 4*d - 8 - 52 = -4*b. Calculate the highest common factor of p and d.
6
Suppose a - 156 = -3*a. Suppose -5*u - r = -0*r + 237, -3*r - a = u. Let j be ((-1)/(-2))/((-1)/u). What is the greatest common factor of j and 16?
8
Let g(c) = -10*c - 2*c**3 - 8 + 0*c**3 - 10*c**2 + c**3. Let v be g(-9). Let i be (-3 - -1) + 16 + v. Calculate the greatest common factor of 15 and i.
15
Suppose 0*u + u = -2*p + 109, -41 = -p - 5*u. Calculate the highest common factor of 84 and p.
28
Let m = 26 - 13. Let f(w) = 22*w + 7. Let q be f(5). Calculate the greatest common divisor of q and m.
13
Suppose 4*r - 2*g - 36 = 8, 0 = 3*r - g - 32. Suppose 4*d + r - 2 = -3*b, -5*b - 60 = -5*d. Let p = b - -15. Calculate the greatest common factor of 1 and p.
1
Let z(w) = 7*w**2 + 4*w - 5. Suppose 7 - 3 = -v + m, 3*v + 5*m = -12. Let n be z(v). Let o = n - 31. What is the highest common divisor of 15 and o?
15
Suppose 2*g - 14 = 2*i, -5*i - 19 = -2*g + g. Let p = -9 + 14. Suppose g*l + c - p = 0, -c = 5*l + c - 4. Calculate the greatest common factor of l and 3.
1
Let w = 171 + -83. What is the greatest common factor of w and 8?
8
Let g(d) = -5*d**2 - 2*d + 1. Let v be g(1). Let b be (-168)/(3 + v) + -2. Calculate the greatest common divisor of b and 36.
18
Let u(w) = w**3 + 12*w**2 - 12*w + 14. Let t be u(-13). Calculate the highest common factor of 2 and t.
1
Let c(k) = k - 2*k + k**2 - 3*k**2 + 25 + k**2. Let s be c(0). Let i = -4 + 9. Calculate the greatest common factor of s and i.
5
Let o = 0 + 0. Suppose -5*m + 3*u = -134, -3*m + 86 = -o*m + u. Suppose -19 = k - 3*c - 8, -16 = k - 4*c. Calculate the greatest common factor of m and k.
4
Let r(f) = 21*f**2 + f - 1. Let c(g) = 1. Let x(a) = c(a) + r(a). Let j be x(-1). Suppose -v - 6 + j = 0. Calculate the highest common factor of v and 35.
7
Let k be (11 - -5) + (-4)/(-2). Let i be 2*1/(4/6). Suppose -w = -i*b + 132, -5*b = -4*w - 122 - 91. Calculate the highest common divisor of k and b.
9
Let o(l) = -l - 4. Let u be o(-9). Calculate the highest common divisor of 45 and u.
5
Suppose -5*c = 3*u - 20, -c + u = 3*c - 16. Let d = -2 + c. Calculate the greatest common factor of d and 22.
2
Let z = -137 - -145. What is the highest common factor of 2 and z?
2
Let l = 9 + 0. Calculate the greatest common divisor of l and 117.
9
Suppose 3 + 3 = 3*t. Suppose t*x + 21 = 4*o - 27, -2*o + 36 = -4*x. What is the highest common divisor of o and 2?
2
Let n be (-3)/2*-6 - 0. Suppose 2*x = -n + 41. Suppose 5*o = -4*t + 876, -t = 3*o + 3*t - 524. What is the highest common divisor of x and o?
16
Let j be ((-12)/9)/((-12)/126). Calculate the highest common factor of j and 7.
7
Suppose -61 = -y + 11. Calculate the greatest common factor of y and 8.
8
Let q = -2 - -6. Let m = 7 - q. Suppose 3*z = 5*g + 95, -m*z + g + 2*g + 105 = 0. What is the greatest common factor of 5 and z?
5
Let j(u) = -5*u - 8. Let b be j(-8). Suppose 11*d - 40 = 6*d. What is the greatest common factor of d and b?
8
Suppose 3*z - 4*w - 46 = 0, 0*z - 49 = -2*z - w. Let b = 39 - 28. Calculate the greatest common divisor of b and z.
11
Suppose 4*f + 78 = 5*y - 8, 0 = 5*f - 5. Suppose 0*t = 5*t. Suppose m - 4*m + 3 = t, 4*r + 2*m - 26 = 0. What is the highest common divisor of y and r?
6
Let x(a) = 2*a - 5. Suppose 5*h = 6*h - 1. Let d(p) = -p + 1. Let f(z) = h*x(z) + 3*d(z). Let w be f(-8). Calculate the greatest common factor of w and 24.
6
Let q = 11 + 3. Let w = q - -20. What is the greatest common factor of w and 136?
34
Let s be (-76)/(-18) + 6/(-27). Let z = s + -2. Suppose -135 = -2*n - 2*n - b, z*n + b - 69 = 0. What is the greatest common factor of 11 and n?
11
Let a = 39 - 9. Calculate the greatest common factor of 10 and a.
10
Let x = 4 + 0. Let l = x - 4. Suppose l = 4*d - 5*d + 105. Calculate the highest common divisor of d and 15.
15
Let k be 283 + (-7)/((-28)/(-16)). Calculate the highest common factor of 31 and k.
31
Let p be 4/(-18) - (-22)/18. Let w be (-2 - -3 - -3)*p. Suppose o + o + 6 = 0, 27 = 3*b + w*o. Calculate the highest common factor of b and 39.
13
Let g be 22/5 - 6/15. Suppose -12 = -2*f - 5*v - 2, f - 5 = g*v. Suppose y - f*m = 20, 2*m = y - 4*y + 60. What is the greatest common divisor of 50 and y?
10
Let k = -17 + 23. Let i = -21 + 39. What is the highest common divisor of k and i?
6
Suppose 0 = p + 4*p + 315. Suppose -5*s = -3 - 2, 4*l + 3*s = 7. Let d be 1/1 + (l - p). What is the highest common divisor of d and 26?
13
Let l be (-5 - (1 + -2)) + (-21 - -27). Calculate the highest common divisor of 14 and l.
2
Suppose 50 = -3*n + 5*n. What is the greatest common factor of n and 125?
25
Let l(f) = -f**3 - 20*f**2 - 20*f + 13. Let k be l(-19). Let v(t) = t**3 + 5*t**2 - 6*t + 4. Let p be v(-6). Calculate the highest common divisor of k and p.
4
Let f = 0 + -3. Let t = f + -1. Let j = t - -14. What is the highest common factor of 20 and j?
10
Suppose -4*n + 58 = -66. What is the highest common divisor of 31 and n?
31
Let n(r) = r**2 - 4*r - 15. Let k be n(-6). What is the greatest common divisor of k and 30?
15
Let z(m) = m**3 + 6*m**2 + 2*m + 2. Let k be z(-4). What is the greatest common divisor of 78 and k?
26
Suppose -99 = c - 5*c + 5*h, -5*h = 15. What is the greatest common factor of 3 and c?
3
Let c(x) = 57*x**3 - 1. Let m be c(1). Suppose m = -4*q + 8*q. Calculate the highest common factor of 35 and q.
7
Suppose 8*l - 4*l = -16. Let p be 3/l - (-118)/8. Let o be (-9)/(-2)*(-56)/(-12). What is the greatest common factor of o and p?
7
Let l = -30 - -32. Calculate the highest common divisor of l and 14.
2
Let a(x) = -x**3 - 8*x**2 - 11*x - 8. Let c be a(-7). Suppose k + c = 5*k. Suppose k*h + 0*h = 40. Calculate the greatest common factor of h and 56.
8
Let p = 2 + 0. Let r = 10 - p. Suppose -3*h - h = -r. Calculate the greatest common divisor of h and 14.
2
Let r(w) = 2*w**2 + 2*w + 4. Let o be r(-5). Suppose 3*h + 8 = 5*h. What is the highest common divisor of o and h?
4
Let g(o) = -o**2 + 5*o + 3. Let n be g(5). Suppose 0*q - 2*q = h - 89, -5*h = q - 418. Let l = -50 + h. What is the greatest common divisor of l and n?
3
Let f = -6 - -2. Let s be (10/f)/(3/(-6)). What is the highest common divisor of 25 and s?
5
Suppose -3*s - 48 = -6*s. Let f = s - 9. What is the highest common factor of f and 56?
7
Let m = -4 + 4. Suppose 3*l + 38 - 119 = m. What is the greatest common 